 of 31552 and 86942.
58
What is the greatest common divisor of 650366 and 18619?
433
What is the greatest common divisor of 1473309 and 212463?
3483
What is the greatest common divisor of 19965525 and 14121?
1569
What is the highest common divisor of 197247801 and 573?
573
Calculate the highest common factor of 2181354660 and 513.
171
Calculate the greatest common factor of 4 and 65650322.
2
What is the greatest common factor of 90571 and 1456?
13
What is the greatest common factor of 40750 and 50125?
125
What is the highest common factor of 291882401 and 102?
17
What is the highest common factor of 85701 and 1540021?
2597
What is the highest common factor of 3200435676 and 2844?
2844
Calculate the greatest common factor of 318 and 14139022.
106
What is the highest common divisor of 1563420 and 616635?
1065
What is the greatest common factor of 99723 and 351?
39
Calculate the greatest common factor of 5 and 3194798.
1
Calculate the highest common divisor of 123514180 and 272.
68
Calculate the highest common factor of 71454194 and 31.
31
What is the highest common factor of 830 and 473640?
10
What is the highest common factor of 261014172 and 24?
12
What is the greatest common factor of 63263 and 257681?
1543
What is the highest common factor of 983338 and 2?
2
Calculate the highest common factor of 561952 and 2278.
34
What is the greatest common divisor of 510356 and 7266?
14
Calculate the greatest common factor of 94044306 and 5661.
1887
Calculate the greatest common factor of 4813225 and 150.
25
What is the greatest common factor of 39868774 and 13215?
881
What is the highest common factor of 42 and 1088010021?
21
What is the highest common factor of 16303 and 71995?
119
What is the greatest common factor of 971517 and 10137?
327
Calculate the highest common divisor of 198444 and 20914272.
8628
Calculate the greatest common divisor of 1144 and 5783921.
143
What is the greatest common factor of 37057005 and 405?
45
Calculate the greatest common factor of 133 and 3445413944.
133
What is the greatest common divisor of 147 and 17547236?
7
Calculate the greatest common factor of 32450132 and 1892.
44
What is the greatest common factor of 787490 and 24310?
110
What is the greatest common divisor of 1049436 and 72?
36
What is the highest common factor of 777473718 and 1974?
1974
What is the greatest common divisor of 563958 and 76874?
646
What is the highest common divisor of 545152 and 25839353?
4259
What is the greatest common divisor of 42633074 and 4598?
418
Calculate the highest common divisor of 5835 and 3931623.
1167
What is the greatest common divisor of 915392 and 256?
64
What is the highest common divisor of 1698 and 63448317?
849
What is the greatest common factor of 5304 and 122047896?
408
Calculate the greatest common factor of 23012 and 666302.
1046
Calculate the highest common factor of 211513393 and 86590.
8659
Calculate the highest common factor of 447640 and 261288.
152
Calculate the greatest common factor of 1677 and 188664177.
1677
What is the greatest common divisor of 142 and 11448395?
71
What is the greatest common factor of 2079324 and 84?
12
What is the highest common factor of 2914318 and 5258?
22
Calculate the highest common divisor of 3 and 744032.
1
What is the greatest common divisor of 85 and 79706625?
85
What is the highest common factor of 126286 and 16077?
233
Calculate the greatest common divisor of 255372 and 22949103.
4911
What is the highest common factor of 357712 and 2731504?
1264
Calculate the greatest common factor of 289730970 and 20.
10
What is the highest common divisor of 6872 and 36665556?
3436
Calculate the highest common divisor of 1481536 and 18592.
224
Calculate the greatest common factor of 22202259 and 201.
201
Calculate the highest common divisor of 4560688 and 8.
8
Calculate the highest common divisor of 777 and 61282767.
777
What is the greatest common divisor of 17612 and 79866?
34
Calculate the highest common divisor of 420 and 315720.
60
Calculate the highest common divisor of 108869 and 2.
1
What is the greatest common divisor of 1513 and 1596402?
17
Calculate the highest common divisor of 6957321 and 7.
7
What is the highest common divisor of 133249 and 16436?
587
What is the greatest common factor of 33976 and 97960?
248
Calculate the highest common factor of 24030097 and 18044.
4511
What is the greatest common divisor of 2622 and 2151579?
57
What is the greatest common divisor of 4750 and 371670875?
2375
What is the greatest common factor of 42 and 156054542?
14
Calculate the highest common divisor of 452658747 and 1.
1
Calculate the highest common factor of 33817200 and 240.
240
Calculate the highest common factor of 19475 and 1011275.
475
Calculate the highest common divisor of 247611 and 73749.
39
What is the highest common factor of 2674 and 97013?
7
What is the greatest common factor of 11332359 and 2583?
369
What is the highest common divisor of 344 and 14355249?
43
Calculate the highest common factor of 80 and 3429570.
10
Calculate the highest common factor of 3220 and 2438996.
28
Calculate the greatest common divisor of 35076 and 12264.
12
Calculate the greatest common divisor of 199 and 72099491.
199
What is the highest common divisor of 560756398 and 107?
107
Calculate the greatest common divisor of 25418 and 1053057.
179
What is the greatest common divisor of 2602216 and 9296?
664
Calculate the highest common divisor of 374 and 15643111.
187
Calculate the greatest common divisor of 15728753 and 17645.
3529
What is the greatest common divisor of 9938910 and 55?
5
Calculate the greatest common divisor of 1136250 and 630.
90
Calculate the highest common factor of 10234 and 234822.
14
Calculate the highest common divisor of 540 and 70575.
15
Calculate the highest common factor of 169920 and 38768310.
5310
What is the highest common factor of 16601197 and 2516?
629
Calculate the highest common divisor of 280 and 83564480.
40
What is the greatest common divisor of 5250 and 1780520?
70
What is the highest common divisor of 283955 and 560?
35
Calculate the greatest common divisor of 24840 and 803574.
1242
Calculate the greatest common divisor of 1873320 and 24060.
60
What is the highest common divisor of 26625441 and 779?
779
Calculate the greatest common divisor of 113788445 and 670.
335
Calculate the greatest common factor of 18176 and 12142464.
128
What is the highest common divisor of 11619 and 7281?
9
Calculate the highest common factor of 143 and 31345699.
11
Calculate the greatest common factor of 192739397 and 149.
149
Calculate the highest common factor of 13902 and 13216168.
4634
Calculate the highest common divisor of 40 and 343878760.
40
What is the highest common factor of 1999473192 and 2664?
2664
What is the greatest common factor of 3010358 and 12974?
26
Calculate the highest common divisor of 5334000 and 575.
25
Calculate the greatest common factor of 1007207 and 234359.
1789
What is the greatest common divisor of 7134698 and 9470?
1894
What is the highest common factor of 196456 and 10712?
104
Calculate the greatest common factor of 160368 and 297492.
156
Calculate the greatest common divisor of 4916257410 and 570.
570
Calculate the greatest common factor of 12065 and 8679815.
635
Calculate the greatest common divisor of 55 and 98502635.
55
Calculate the highest common factor of 770 and 154952.
14
What is the highest common factor of 6665062 and 13925?
557
What is the highest common divisor of 152 and 19710752?
152
Calculate the greatest common divisor of 17632 and 524031856.
8816
Calculate the greatest common divisor of 1710 and 217080.
90
Calculate the greatest common divisor of 5800683 and 3932.
983
What is the greatest common factor of 64 and 903776?
32
Calculate the greatest common divisor of 10 and 6733754.
2
Calculate the highest common divisor of 1267005 and 7995.
15
Calculate the greatest common divisor of 388 and 4079044.
388
Calculate the greatest common factor of 8241152682 and 2413.
2413
Calculate the highest common factor of 24514369 and 137.
137
What is the highest common factor of 142863584 and 30992?
2384
What is the greatest common divisor of 1701 and 96930?
27
Calculate the greatest common divisor of 1975 and 455294380.
395
What is the greate